834. What are the prime factors of p?
2, 9371
Let h(o) = o**3 + o**2 + 5*o. Suppose -10*p = 6*p - 144. What are the prime factors of h(p)?
3, 5, 19
Suppose -2*c - 1 + 7 = 4*x, -5*x - 4*c = -3. Let k(v) = 4 - x + 1 - 29*v - 1. What are the prime factors of k(-4)?
3, 13
Suppose 58808 = 5*w - 12*d, 7481 = w - 2*d - 4283. List the prime factors of w.
2, 23
Suppose -7*u - 3*r = -3*u - 4518, -2*r - 3397 = -3*u. Suppose -3*x + u = 5*n, -2*n + 7*n = -2*x + 1134. List the prime factors of n.
2, 3, 19
What are the prime factors of ((-19)/(-57) + 55/60)/((-7)/(-103460))?
5, 739
Suppose 0 = -115*d + 71922 + 2481078. What are the prime factors of d?
2, 3, 5, 37
Suppose -7*z + 22 = 1. Suppose 4*q - z*x - 10 = 0, -2*x + 3 = 7. What are the prime factors of 16167/170 - q/10?
5, 19
Let l(n) = -n**3 - 6*n**2 - 3*n - 12. Let k be l(-6). Suppose -k*f + 15 = -f. Suppose m + 20 = -f*m, 282 = 4*y - 2*m. List the prime factors of y.
2, 17
Suppose 0 = -2*s - 4*z + 1120, 2*s - 930 = 3*z + 155. Let u = 851 - s. Let k = u + -171. List the prime factors of k.
2, 5, 13
Let u(r) = -40*r + 15. Let f(l) = -l**2 - 17*l + 54. Let z be f(-20). List the prime factors of u(z).
3, 5, 17
Let x(b) = 5*b**3 - 489*b**2 - 236*b + 397. What are the prime factors of x(99)?
35839
Suppose -75129 = -2*g + a + 17484, -3*a + 92617 = 2*g. List the prime factors of g.
46307
Suppose -48*j + 110874 = -14*j. Suppose 5*l = 3*v + 9906, -l = -5*v + 1293 - j. What are the prime factors of l?
3, 661
Let x = 62 - 61. Let l be (0 + x)*2/1. What are the prime factors of 5*(21 - 7)*l/4?
5, 7
Let y be (-753)/9 + (-100)/(-15) + -6. Let m(s) = -17*s - 7. Let j be m(8). Let g = y - j. List the prime factors of g.
2, 3, 5
Let w = 315 - 311. Suppose 0 = 3*t - 2*r - 2*r - 275, w*r - 307 = -3*t. What are the prime factors of t?
97
Let f(y) = -y**3 - 16*y**2 - 15*y + 2. Let p = -137 + 122. Let t be f(p). List the prime factors of (-16)/(-1)*10/t.
2, 5
Let u(r) = 2*r**3 - 3*r - 1. Let v be u(-2). Let w(z) = z**3 + 15*z**2 + 5*z + 4. List the prime factors of w(v).
433
Suppose -p + 2 = -9. Let t = p + 7. Let l(c) = 3*c + 43. What are the prime factors of l(t)?
97
Suppose w - 2 - 7 = 4*o, 0 = w - 3*o - 13. Suppose -19*y - 1422 = -w*y. What are the prime factors of y?
3, 79
Let v(c) = -304*c + 4. Let s be v(-4). Suppose -f + 2*q + 244 = 0, 5*f - 5*q = -8*q + s. Let g = -96 + f. List the prime factors of g.
2, 37
Suppose -7*v = -8*v + 8*v - 7532. List the prime factors of v.
2, 269
Let i(r) = r**3 - r**2 - 22*r - 9. Let h be i(-5). What are the prime factors of (1008/h)/(7/(-98))?
2, 3
Let v = -239 - -238. Let m = v - -237. What are the prime factors of m?
2, 59
Let f = 93801 + -61936. List the prime factors of f.
5, 6373
Let i(w) = 2621*w**2 + 466*w - 931. List the prime factors of i(2).
3, 5, 233
Suppose 3*c - 4*f = 191, c + f = -f + 57. Let u(v) = -7*v - 16 + 2*v + 15 + c. List the prime factors of u(-17).
5, 29
Suppose -1001*x + 30434 = -983*x - 395644. What are the prime factors of x?
23671
Let n(d) = 42*d**2 - 3*d + 1. Let z be -9*1/(-3) - 2. Let v be n(z). List the prime factors of (670/v)/((-2)/(-8)).
67
Suppose -168*h - 2*c - 1824 = -169*h, -5*c = 5*h - 9060. List the prime factors of h.
2, 227
Let m(c) = 3*c - 11*c + 4*c**2 - 4 - 7*c. Let k = 1248 - 1240. List the prime factors of m(k).
2, 3, 11
Let z(m) = 198*m**3 + 2*m**2 + m - 1. Let p(w) = 0*w**3 - 22 + 9 + w + w**3 - 14*w**2. Let t be p(14). List the prime factors of z(t).
2, 5
Let h(y) = y**3 + 17*y**2 + 22*y + 99. Let o be h(-16). Suppose -3*q + 3041 = -q + 3*a, -6073 = -4*q + o*a. List the prime factors of q.
7, 31
Suppose 2464*k = 2460*k, -4*u + k + 41132 = 0. List the prime factors of u.
7, 13, 113
Suppose -5*v - 2*s + 3375 = 0, -s + 652 = v + 4*s. What are the prime factors of v?
677
Let m = 19053 + -11918. What are the prime factors of m?
5, 1427
Let f = -43 + 66. Suppose -3 = m + r, 8*r - 5*r = 4*m - f. Suppose -3*k + 270 = -5*d, -4*k + 5*d + 175 = -m*k. List the prime factors of k.
5, 19
List the prime factors of -4*6/(312/(-66911)).
5147
Let x(j) = -2*j**2 - 3*j**2 + 3*j**3 - 3 - 5*j - j**3 - j**3. Let o be x(6). Suppose 0 = 5*y - o*y - 198. List the prime factors of y.
3, 11
Let c = -1016 - -567. Let n = 65 - c. Suppose 4*m - n = -x + 146, -2*m + 336 = -x. What are the prime factors of m?
2, 83
Let y(m) = -m**3 + 18*m**2 - 48*m + 31. Let s be y(15). List the prime factors of (-4)/s - (11785/(-35) - 2).
3, 113
Let w = 20 - -6. Let v = 24 - w. What are the prime factors of (1 - 1) + (41 - (v + 2))?
41
Let c(q) = 3*q - 47. Let t be c(14). Let h(r) = -174*r + 205. What are the prime factors of h(t)?
5, 43
Let v = -80 + 110. Let o be 80/v - 2/3. List the prime factors of ((-2496)/112)/(o - 15/7).
2, 3, 13
Let c = 300 - 282. Let u = 163 - c. List the prime factors of u.
5, 29
Suppose -2*p - 12 = -34. Let i(t) = -t + 18. Let o be i(p). Suppose -84 + 770 = o*x. What are the prime factors of x?
2, 7
Let r be (-45569)/(-14) + 37/518. Suppose z - r = -4*p, -13*p = -10*p - 3*z - 2460. List the prime factors of p.
5, 163
Let m = 940 + -308. Suppose 3*b - b = m. What are the prime factors of b?
2, 79
Let r = 41 + -42. Let v be ((-2)/(-1) - 6)/r. Suppose -4*y - 5*o + 154 = 43, v*y - 4*o = 84. List the prime factors of y.
2, 3
Suppose 5*c + 3 = -4*w - 9, 4*w + 2*c + 12 = 0. Let o be (-784)/w - (1 - 4/6). Suppose -4*g - o = -13*g. List the prime factors of g.
29
Suppose 2*h - o = 57118, 2*o - 15965 = -h + 12594. List the prime factors of h.
28559
Let y be 3/(-7) + 1140/210. Suppose y*x - 399 = 981. What are the prime factors of x?
2, 3, 23
Suppose x - 4 = 3*r - 2, 0 = 3*r - 3*x + 12. What are the prime factors of (660/(-120))/(r*(-2)/300)?
3, 5, 11
Let v = 113 + -111. Let o(i) = 33*i**2 - 2*i - 2. List the prime factors of o(v).
2, 3, 7
Let y be (-3)/((-18)/(-8))*246/164. What are the prime factors of (y/(-15)*3)/((-2)/(-2470))?
2, 13, 19
Let q be (-842)/12 + 3/18. Suppose 4*z = 16*z + 60984. List the prime factors of z/q + 6/(-10).
2, 3
Let k(c) = c**3 - 113*c**2 - 127*c + 96. What are the prime factors of k(116)?
2, 7, 919
Let z = 21685 + -8651. List the prime factors of z.
2, 7, 19
Let p = -1029 - -1894. Let n = p + -835. List the prime factors of n.
2, 3, 5
Suppose -4*o + 2929 = -2259. Let j = -678 + o. What are the prime factors of j?
619
Suppose 50*t = 47*t + 6. Let s be 3/6 - (174/(-4) + t). Let h = s - 10. What are the prime factors of h?
2
Let q(k) = k**2 - 2*k + 2. Let j be q(1). Let r be (-31)/93 - (-2)/6*j. Suppose 3*y + r*y - 30 = 0. What are the prime factors of y?
2, 5
Let z be -9 + (4/12)/(3/45). List the prime factors of 6/3 + 2 + 417 + z.
3, 139
Suppose -3*z - 81607 = -7*s, -5*s + 4*z + 51392 = -6895. What are the prime factors of s?
89, 131
Let q = 290 - 282. Let w = q + 82. List the prime factors of w.
2, 3, 5
Suppose 0 = -5*c + 2*s, 3*c - 8 - 6 = 4*s. List the prime factors of c/7 - (-200781)/441.
5, 7, 13
Suppose 421 = 10*f - 119. Suppose -37451 - 2833 = -f*z. List the prime factors of z.
2, 373
List the prime factors of 4/(-7) + -535*(-13296)/420.
2, 29, 73
Let g = -9277 + 15325. Let z be (-7)/(-4)*-2*2. What are the prime factors of 3/z - g/(-49)?
3, 41
Let h = 8848 + -3800. What are the prime factors of h?
2, 631
Suppose 0 = -5*g + 98 + 52. Suppose 7*y - y = g. Suppose -5*f = 4*c - 576, -y*f - 3*c + 291 = -286. What are the prime factors of f?
2, 29
Let o(b) = -48*b**3 - 3*b**2 - 49*b - 141. What are the prime factors of o(-4)?
3079
Let s(w) = 3*w + 33. Let u be 1/(3 + -3 - 1) + -9. Let o be s(u). Suppose 5*h + 13 = o*x - 452, x - 5*h - 165 = 0. List the prime factors of x.
2, 3, 5
Let s(o) be the second derivative of 26*o**5/15 + o**4/24 - o**3/2 + 15*o**2/2 + o. Let r(x) be the first derivative of s(x). List the prime factors of r(1).
2, 3, 17
Let o = 2583 - 1958. What are the prime factors of o?
5
Suppose a = 4*q + q + 5343, q - 26715 = -5*a. What are the prime factors of (-12)/24 - a/(-6)?
2, 5, 89
Let h = 1798 + -1208. Suppose -5*b + 475 = -h. List the prime factors of b.
3, 71
Suppose -1113*s = -1091*s - 572198. What are the prime factors of s?
31, 839
Let i = -3702 + 7183. List the prime factors of i.
59
Let s(d) = -14*d + 35. Suppose -4*q - 36 = 4*v, 0 = q - 0*q - v + 1. Let c be s(q). What are the prime factors of 0 + 1 + (